er when 4/(-3) + 356/(-24)*-10 is divided by r.
36
Suppose -2*m + 4*n - 1 = -119, -351 = -5*m - 4*n. Suppose -14*p - 52 = -18*p + 4*k, 5*p = -k + 71. Calculate the remainder when m is divided by p.
11
Let j(o) = 845*o + 30. Let k be j(2). Let l = k + -688. What is the remainder when l is divided by 94?
92
Suppose 0 = 3*v - 28 - 224. Suppose 0*y - 168 = -3*j - 2*y, 23*y - 27*y = 0. Suppose -4*f = -v - j. What is the remainder when f is divided by 12?
11
Suppose 3*q = 5*x + 144 - 39, -3*q - 5*x + 105 = 0. What is the remainder when 10531 is divided by q?
31
Suppose 0 = -132*k + 42*k - 22240 + 55990. What is the remainder when k is divided by 77?
67
Calculate the remainder when 186 is divided by (-16)/64 + (-516)/(-16).
26
Let o = 6 + 7. Let q = -284 + 288. Suppose -3*x + 9 = q*k, 6*x - 5*x - 19 = 4*k. What is the remainder when o is divided by x?
6
Suppose 54*v + 189*v - 9367 = -308*v. Suppose -h + 69 + 9 = 0. Suppose -h = -0*x - 3*x. Calculate the remainder when x is divided by v.
9
Let c = -15 - -10. Let o be (-484)/10 + (-2)/c. What is the remainder when 35 is divided by o/10*(-70)/28?
11
Calculate the remainder when (((-114)/9)/(2/24))/((-74)/592) is divided by 21.
19
Suppose 3*s = -0*s - 2*u + 2139, 2*u + 3533 = 5*s. Calculate the remainder when s is divided by 10.
9
Let y be 62/22 + (-28)/(-154). Suppose 5*p = 3*o - 25, -5*o + y*p + 0*p = -47. Let z = 12 + 2. Calculate the remainder when z is divided by o.
4
Suppose 2*y - 7*y + 2*r = -257, -3*y = 2*r - 151. Calculate the remainder when y is divided by 1/((-1)/(-2) + (-77)/182).
12
Suppose -4*u = -208 + 48. Let n be (21/3 + (-18)/6)*1. Suppose n*v + 6 = 50. Calculate the remainder when u is divided by v.
7
Let x = -177 + 212. Let r = x + -18. Calculate the remainder when 97 is divided by r.
12
Suppose -3*w + 3*i + 3090 = -0*w, 3*w - 3079 = -8*i. What is the remainder when w is divided by 128?
5
Calculate the remainder when (-6)/4 + (13 - 403/(-2)) is divided by 171.
42
Let o(l) = 5*l**2 + 18*l - 790. What is the remainder when o(-29) is divided by 30?
13
Let w = 2 + -2. Let m be 10*36/720 - 187/(-2). What is the remainder when (m - 1) + w + -2 is divided by 26?
13
Suppose -8*q = -2*q - 804. Suppose q = 2*z + p + 2*p, -4*z - p + 258 = 0. Suppose 4*v - z - 136 = 0. What is the remainder when v is divided by 13?
11
Let s(a) = 26*a**2 + 618*a + 18. Calculate the remainder when s(-27) is divided by 176.
174
Let q(j) be the first derivative of 10*j**3/3 - j**2/2 - 5*j + 33. Let o be q(-2). Suppose o = 4*y - 39. Calculate the remainder when 109 is divided by y.
14
Suppose -8 = -4*b - 28, -5*b = 2*x + 145. Let g = 40 + x. Let l = 44 + g. Calculate the remainder when 47 is divided by l.
23
Suppose -15966 = -32*t + 25442. What is the remainder when t is divided by 54?
52
What is the remainder when 4414 is divided by (1 - 7)*320/(-320)?
4
Let n = -31 + 43. Calculate the remainder when 276 is divided by 31 - (n/8 - 12/8).
28
Let b(g) = 44*g + 7. Let x be b(-3). Let j = -102 - x. Calculate the remainder when j is divided by 8.
7
Suppose -a + 4*b + 6790 - 166 = 0, 5*a = -3*b + 32959. What is the remainder when a is divided by 120?
116
Let b(s) = -5*s**3 + 3*s**2 - 48*s - 150. What is the remainder when b(-3) is divided by 140?
16
Let t = 43 - -25. Calculate the remainder when (t/85 - 98/10)*-21 is divided by 15.
9
Suppose 5*q - 136 = -4*t - 98, 0 = 2*t - 5*q - 4. Calculate the remainder when 1188 is divided by t.
5
Let w(p) = -3*p**2 - 19*p + 44. Let s be w(-8). Suppose 5*y = -s*o + 101, -5*o + 20*y + 121 = 21*y. What is the remainder when o is divided by 4?
0
Let i = -118 - -95. Let a = i - -44. What is the remainder when 89 is divided by (-12)/28 + (996/a)/1?
42
Suppose -42*q = 14*q - 784. Calculate the remainder when 1253 is divided by q.
7
What is the remainder when (((-65)/(-45))/((-4)/12))/(2/(-402)) is divided by 86?
11
Let h = -213 + 452. Let v = 264 - h. What is the remainder when v is divided by 21?
4
What is the remainder when (-633)/(1/(-30)*-4 - 119/105) is divided by 61?
23
Let d = -14410 - -14611. What is the remainder when 418 is divided by d?
16
Suppose -11*w - 18*w + 6266 = -3*w. Calculate the remainder when w is divided by 93.
55
What is the remainder when ((-1089)/4)/(204/(-272)) is divided by 76?
59
Let n(t) = -20*t + 484. What is the remainder when n(6) is divided by 52?
0
Calculate the remainder when (-16)/(-60) + 32572/255 is divided by 71.
57
What is the remainder when 2 is divided by (-2)/2*(243 - 245)?
0
Let b = -3436 - -6654. Calculate the remainder when b is divided by 269.
259
Let t be -3 + 60/(2 + 1). Let h be ((-2)/12)/((-17)/204). Suppose -h*z = -t - 13. What is the remainder when 71 is divided by z?
11
What is the remainder when -48*(-7 - (3 + 16)) is divided by 30?
18
Suppose 4*z = 4*d - 52, -8 = -5*d - 2*z + 22. Suppose d*q - 37*q = -725. Calculate the remainder when 85 is divided by q.
10
Suppose 0*l = 20*l - 1240. Let x be 73/2 - 15/(-10). Suppose b = -17 + x. What is the remainder when l is divided by b?
20
Suppose 0 = -d + 4*d - 18. Suppose 14*h - 12*h + d = 0. What is the remainder when 11 is divided by 10 + h - (5 + -5)?
4
Let r(n) = n**2 + 12*n + 4. Let v = 113 - 110. Suppose -556 = -v*l - 199. What is the remainder when l is divided by r(-14)?
23
Suppose -8*k - 664 = 168. Let o = -99 - k. Calculate the remainder when 61 is divided by o.
1
Suppose -12 - 21 = 3*w - 3*x, -4*x - 55 = 5*w. Calculate the remainder when 104 is divided by 2/w - (-1240)/44.
20
Suppose 16*s + 156 = 29*s. What is the remainder when 70 is divided by ((1184/s)/(-4))/((-2)/3)?
33
Suppose -127*p + 187*p + 495 = 93*p. What is the remainder when 2504 is divided by p?
14
Let c = 40 + -13. Suppose 222 = -33*b + c*b. Let i = 55 + b. What is the remainder when i is divided by 4?
2
Let i(p) = -4*p + 48. Let z be i(11). Suppose o + 318 = z*o. What is the remainder when o is divided by (-34)/(-3) + 2/3?
10
Let d = 668 + -666. Suppose 5*n - 14 = 1. Let q = n + -1. Calculate the remainder when d is divided by q.
0
Let t be (-3)/(-6) - 9/(-2). Suppose -t*u - h = -7, 2*u + 3*u + 2*h - 4 = 0. Calculate the remainder when 28 is divided by (-147)/(-9) + u*4/12.
11
Suppose -3*g + 5*u + 89 = 0, 2*g - g = -3*u + 11. Calculate the remainder when (-6)/13 - ((-15 - -21) + -12)*(-2742)/(-156) is divided by g.
13
Let v(j) = -2*j**3 - j**2. Let r(w) = -2*w**3 + 3*w**2 - 10*w + 5. Let t(c) = r(c) - 4*v(c). What is the remainder when 223 is divided by t(2)?
40
Let h = 9082 + -8463. Calculate the remainder when h is divided by 194.
37
Let a(p) = -p**2 - 9*p + 22. Let l = 26 + -35. Let h be a(l). Suppose h*w = 23*w - 13. Calculate the remainder when 25 is divided by w.
12
Let d = 14 - 12. Let t be 3/d*(-36)/(-27). Calculate the remainder when ((-11)/(-2))/(t/12) is divided by 9.
6
Let x be 2/16 - 28/224. Suppose 4*t = -4*b + 204, -4*t + x*t = -3*b - 225. What is the remainder when t is divided by 10?
4
Suppose 140*b - 74196 = 32*b. What is the remainder when b is divided by 8?
7
Let f(m) be the first derivative of -m**4/2 - 7*m**3/3 - m**2/2 - 11*m - 120. Calculate the remainder when 32 is divided by f(-4).
5
Let f(q) = q**2 + 45*q - 158. Calculate the remainder when f(29) is divided by 33.
8
Let y(d) = 25*d**2 + 72. Calculate the remainder when 324 is divided by y(0).
36
Suppose -6*k - 53 = -17. Let z be 30/25*(-945)/k. Let m = z + -93. Calculate the remainder when m is divided by 49.
47
Suppose -1118 = -5*q + 4*q. Calculate the remainder when q is divided by ((-384)/432)/(4 + (-2184)/540).
18
What is the remainder when 2*(-15)/(-12)*538/5 is divided by 38?
3
Let l = 9002 - 5512. Calculate the remainder when l is divided by 24.
10
Let x = -5 + 9. What is the remainder when (3 - 28/(-20))/((-1)/(-15)) is divided by x - ((-6)/(-3) + -32)?
32
Suppose 13*w = 4*w + 36. Suppose 0 = w*v - 135 - 97. Let b = 46 + -31. Calculate the remainder when v is divided by b.
13
Let b = -1611 + 1696. Calculate the remainder when 761 is divided by b.
81
Suppose -r = 3*n - 873, -1459 = -5*n - 2*r + r. Calculate the remainder when n is divided by 82.
47
Suppose 4*w + s - 326 = 0, 4*s + 618 - 221 = 5*w. What is the remainder when w is divided by 55?
26
Let i = -20271 + 20309. Calculate the remainder when 56 is divided by i.
18
Let d = 173